ime?
True
Is 100981 prime?
True
Is 726893 composite?
False
Is 1883 a composite number?
True
Is 13781 prime?
True
Is 35691 composite?
True
Is 8203 a composite number?
True
Is 9923 a composite number?
False
Is 12611 composite?
False
Is 701 a prime number?
True
Is 7971 a composite number?
True
Is 47251 a prime number?
True
Is 2317 a prime number?
False
Is 54521 a prime number?
True
Is 450611 a composite number?
True
Is 1833889 composite?
True
Is 374531 prime?
True
Is 107171 a composite number?
False
Is 683071 composite?
False
Is 1574 prime?
False
Is 1920043 composite?
False
Is 3991 composite?
True
Is 1161089 composite?
True
Is 60491 a composite number?
True
Is 232091 a prime number?
True
Is 522713 a prime number?
False
Is 76127 a prime number?
False
Is 4547 a prime number?
True
Is 773231 composite?
False
Is 40189 a composite number?
False
Is 175051 prime?
False
Is 7563 composite?
True
Is 1589 a prime number?
False
Is 323513 a prime number?
False
Is 12197 a composite number?
False
Is 465761 prime?
True
Is 287733 a prime number?
False
Is 28277 composite?
False
Is 4507 a prime number?
True
Is 472357 prime?
False
Is 32602 a prime number?
False
Is 101767 composite?
True
Is 2333 prime?
True
Is 124631 a composite number?
True
Is 14669 a prime number?
True
Is 102761 a prime number?
True
Is 13229 a composite number?
False
Is 7819 composite?
True
Is 42421 prime?
False
Is 539339 composite?
False
Is 411511 a prime number?
False
Is 4843 prime?
False
Is 28907 a prime number?
False
Is 391 prime?
False
Is 1213703 a composite number?
True
Is 19913 a composite number?
False
Is 475721 composite?
False
Is 48239 composite?
False
Is 323879 a prime number?
True
Is 13811 a prime number?
False
Is 15877 prime?
True
Is 46285 a composite number?
True
Is 230003 a prime number?
True
Is 3433 composite?
False
Is 14843 a composite number?
False
Is 53338 a prime number?
False
Is 348607 a prime number?
False
Is 10771 a composite number?
False
Is 18743 prime?
True
Is 31139 composite?
False
Is 476823 composite?
True
Is 298187 composite?
False
Is 29157 a prime number?
False
Is 8543 a composite number?
False
Is 54155 a composite number?
True
Is 13841 a composite number?
False
Is 2413 prime?
False
Is 26293 prime?
True
Is 2999 prime?
True
Is 30427 a prime number?
True
Is 25261 a prime number?
True
Is 3547 composite?
False
Is 3603 composite?
True
Is 64213 a composite number?
True
Is 117311 prime?
False
Is 23527 a composite number?
True
Is 121123 prime?
True
Is 247183 a composite number?
False
Is 638237 prime?
False
Is 306697 a prime number?
False
Is 41719 prime?
True
Is 71561 prime?
False
Is 105251 a composite number?
False
Is 101081 prime?
True
Is 207367 composite?
False
Is 613289 a prime number?
True
Is 1049201 composite?
False
Is 64217 prime?
True
Is 1937 a composite number?
True
Is 143647 a prime number?
False
Is 1627594 prime?
False
Is 148913 a prime number?
True
Is 195991 a composite number?
False
Is 181 prime?
True
Is 24445 composite?
True
Is 6397 a prime number?
True
Is 116183 prime?
False
Is 147517 a prime number?
True
Is 1263577 a composite number?
True
Is 144151 a composite number?
True
Is 85727 prime?
False
Is 63191 composite?
True
Is 18499 composite?
True
Is 167483 a prime number?
True
Is 14143 a composite number?
False
Is 3862 a prime number?
False
Is 298513 a composite number?
False
Is 498391 prime?
True
Is 8147 composite?
False
Is 56369 prime?
True
Is 859 a prime number?
True
Is 15427 prime?
True
Is 629183 composite?
True
Is 6663 prime?
False
Is 13138 a prime number?
False
Is 365723 a prime number?
False
Is 2777 a prime number?
True
Is 16319 a prime number?
True
Is 1633865 prime?
False
Is 672877 a prime number?
False
Is 286658 prime?
False
Is 12149 a prime number?
True
Is 314623 composite?
False
Is 49057 prime?
True
Is 2747 composite?
True
Is 383939 prime?
False
Is 345955 a composite number?
True
Is 3099 a composite number?
True
Is 605959 a prime number?
False
Is 1563851 prime?
True
Is 276161 a composite number?
True
Is 2267 prime?
True
Is 12421 composite?
False
Is 17603 prime?
False
Is 10481 prime?
False
Is 144335 a composite number?
True
Is 55 prime?
False
Is 47629 a prime number?
True
Is 50659 a prime number?
False
Is 1203067 a composite number?
False
Is 72629 a prime number?
False
Is 1817 prime?
False
Is 1909 prime?
False
Is 49091 prime?
False
Is 40289 prime?
True
Is 31819 composite?
True
Is 769877 a composite number?
True
Is 10037 composite?
False
Is 763879 composite?
False
Is 1139 composite?
True
Is 24071 a composite number?
False
Is 37667 prime?
False
Is 246661 composite?
False
Is 16127 composite?
False
Is 280138 composite?
True
Is 8497 a composite number?
True
Is 52091 composite?
True
Is 19949 a composite number?
False
Is 1361 a prime number?
True
Is 606299 composite?
False
Is 5549 a prime number?
False
Is 29201 a composite number?
False
Is 78977 composite?
False
Is 297467 composite?
False
Is 749 a composite number?
True
Is 2826491 a prime number?
True
Is 104999 a prime number?
True
Is 153871 a composite number?
False
Is 13931 a composite number?
False
Is 819899 composite?
False
Is 101423 a composite number?
True
Is 117661 a composite number?
True
Is 20459 composite?
True
Is 22433 prime?
True
Is 9521 prime?
True
Is 9701 prime?
False
Is 13765 a prime number?
False
Is 30089 a composite number?
False
Is 28387 prime?
True
Is 296839 a prime number?
False
Is 6449 a composite number?
False
Is 744209 composite?
True
Is 704945 a prime number?
False
Is 3155 composite?
True
Is 885371 prime?
True
Is 2287 prime?
True
Is 7157 a prime number?
False
Is 15089 a composite number?
True
Is 189757 a prime number?
True
Is 1817821 composite?
False
Is 959099 composite?
False
Is 53479 a composite number?
False
Is 994603 a composite number?
False
Is 55415 composite?
True
Is 11777 prime?
True
Is 40609 a composite number?
False
Is 447311 composite?
False
Is 17617 prime?
False
Is 273479 a prime number?
False
Is 15901 prime?
True
Is 72851 prime?
False
Is 17767 a composite number?
True
Is 74699 prime?
True
Is 109853 prime?
False
Is 7561 composite?
False
Is 6343 a prime number?
True
Is 3901 prime?
False
Is 5431 a prime number?
True
Is 14533 a prime number?
True
Is 225193 a prime number?
False
Is 93649 composite?
True
Is 8605 composite?
True
Is 315241 a composite number?
True
Is 466367 composite?
True
Is 3907 composite?
False
Is 37707 a composite number?
True
Is 626239 a prime number?
True
Is 370589 composite?
True
Is 382457 composite?
False
Is 117101 a prime number?
True
Is 212701 composite?
False
Is 4321 composite?
True
Is 3031 prime?
False
Is 37667 prime?
False
Is 21011 prime?
True
Is 266811 composite?
True
Is 811379 composite?
False
Is 104569 prime?
False
Is 376997 a composite number?
True
Is 9229 a composite number?
True
Is 826889 a composite number?
True
Is 431989 a prime number?
False
Is 62243 a prime number?
False
Is 293221 prime?
True
Is 24595 composite?
True
Is 100277 a prime number?
False
Is 631 prime?
True
Is 126317 a prime number?
True
Is 45742 prime?
False
Is 2859 composite?
True
Is 2293 prime?
True
Is 103589 a prime number?
False
Is 6971 prime?
True
Is 10057 a prime number?
False
Is 34253 prime?
True
Is 23951 a composite number?
True
Is 2411 a prime number?
True
Is 98281 a composite number?
True
Is 32093 composite?
True
Is 279787 prime?
False
Is 14995 a prime number?
False
Is 111029 a composite number?
False
Is 416258 a composite number?
True
Is 281795 a prime number?
False
Is 16241 a prime number?
False
Is 1747597 a prime number?
False
Is 9491 composite?
False
Is 157577 composite?
True
Is 120415 prime?
False
Is 3606983 a composite number?
False
Is 31933 prime?
False
Is 1270895 composite?
True
Is 35291 composite?
False
Is 20569 prime?
False
Is 406309 composite?
False
Is 1475457 composite?
True
Is 81665 a composite number?
True
Is 7403 a prime number?
False
Is 34805 a prime number?
False
Is 62359 prime?
False
Is 1293763 composite?
False
Is 63067 prime?
True
Is 1599803 prime?
True
Is 30553 composite?
False
Is 376949 a composite number?
False
Is 7217 a prime number?
False
Is 29305 prime?
False
Is 650513 prime?
False
Is 786617 composite?
True
Is 8513 a prime number?
True
Is 265637 a composite number?
True
Is 46861 a composite number?
False
Is 719189 a prime number?
True
Is 66985 a